est common factor of 536224668 and 1932?
1932
What is the highest common factor of 63023 and 1577?
19
What is the highest common divisor of 2912 and 186823?
91
What is the highest common factor of 2064554 and 69634?
1882
Calculate the greatest common factor of 5787504 and 4336.
16
What is the greatest common factor of 230621 and 198643?
271
Calculate the highest common divisor of 64903 and 2979206.
1583
What is the highest common factor of 2894 and 64119464?
2894
Calculate the greatest common factor of 1305396324 and 972.
324
What is the highest common divisor of 106 and 58508237?
53
What is the highest common factor of 15036 and 371366646?
7518
Calculate the highest common divisor of 3432 and 54875964.
1716
Calculate the greatest common factor of 7180914 and 53525.
2141
Calculate the greatest common divisor of 20032 and 664.
8
Calculate the greatest common divisor of 9580 and 14785772.
1916
What is the greatest common factor of 61 and 43003231?
61
What is the highest common divisor of 104808 and 11660?
44
What is the greatest common factor of 237374421 and 276?
69
Calculate the greatest common factor of 8156956 and 5842.
254
What is the highest common factor of 3661 and 316409247?
3661
What is the highest common factor of 2825 and 6754010?
565
What is the greatest common factor of 698388 and 246?
6
Calculate the highest common divisor of 352 and 12055252.
44
What is the highest common divisor of 4420884 and 8335?
1667
What is the greatest common factor of 2592 and 2587302?
162
Calculate the greatest common divisor of 2848277902 and 526.
526
What is the highest common divisor of 1274656 and 24400?
976
What is the highest common divisor of 1955239 and 6655?
1331
What is the greatest common factor of 40109 and 21969177?
2111
What is the greatest common divisor of 416 and 10739248?
208
What is the highest common divisor of 1580982 and 48126?
78
Calculate the highest common divisor of 119741908 and 364.
52
What is the highest common divisor of 230 and 102641065?
115
What is the greatest common factor of 2037141 and 37475?
1499
Calculate the greatest common factor of 4290815 and 9932.
191
What is the greatest common factor of 903 and 3700107?
129
Calculate the highest common factor of 435 and 14814795.
435
What is the greatest common divisor of 13744870 and 80534?
1202
Calculate the greatest common divisor of 16719031 and 532.
133
What is the highest common divisor of 941941 and 1001?
1001
What is the greatest common divisor of 3805 and 143585?
5
What is the greatest common factor of 4730484 and 264?
132
Calculate the highest common divisor of 5310 and 23333910.
1770
What is the highest common divisor of 37323 and 1354851?
261
Calculate the highest common factor of 138363 and 575156.
2713
What is the highest common divisor of 87 and 1345587762?
87
Calculate the highest common divisor of 286200 and 1162025.
1325
Calculate the highest common factor of 216674 and 357264.
1654
What is the greatest common factor of 94 and 292753224?
94
What is the highest common factor of 70 and 34481664?
14
What is the highest common divisor of 20504341 and 715?
143
What is the greatest common divisor of 157543140 and 1084?
1084
Calculate the greatest common divisor of 125740 and 170.
10
Calculate the highest common divisor of 1115205 and 91065.
195
Calculate the greatest common factor of 358589346 and 6.
6
What is the highest common factor of 52688 and 30673?
37
What is the highest common factor of 1694623304 and 88?
88
Calculate the greatest common factor of 2405 and 13462635.
185
What is the highest common factor of 78 and 210952131?
39
What is the highest common divisor of 113810016 and 6?
6
Calculate the highest common divisor of 47765857 and 10.
1
What is the greatest common divisor of 455888 and 1280?
16
What is the greatest common divisor of 18465836 and 11448?
212
Calculate the greatest common factor of 2176234 and 2852438.
4762
What is the highest common divisor of 28744 and 7816?
8
What is the highest common factor of 19913472 and 32562?
3618
Calculate the greatest common factor of 10266725 and 255374.
3451
Calculate the highest common divisor of 27594 and 161476.
1022
What is the highest common divisor of 64160 and 201302?
802
Calculate the highest common factor of 21284 and 22437092.
1252
Calculate the highest common factor of 22 and 3624962.
22
Calculate the greatest common factor of 704666795 and 2030.
1015
Calculate the greatest common factor of 4773875 and 31313.
181
What is the greatest common divisor of 2479247 and 138673?
101
Calculate the highest common divisor of 18372676 and 31584.
1316
What is the highest common factor of 1007640 and 1180?
20
What is the highest common divisor of 3 and 45361719?
3
What is the highest common divisor of 11627398 and 8362?
74
What is the highest common divisor of 5350721945 and 16463?
16463
What is the greatest common factor of 10466415 and 110?
5
Calculate the greatest common factor of 126684 and 126538548.
4692
What is the greatest common divisor of 2319248 and 176?
16
What is the greatest common divisor of 6898 and 166334923?
3449
What is the highest common factor of 33671 and 3377?
11
What is the highest common divisor of 7473 and 5533677?
159
What is the greatest common factor of 798544044 and 10728?
5364
Calculate the greatest common divisor of 267 and 451077.
3
Calculate the greatest common factor of 193658549 and 203.
203
Calculate the greatest common divisor of 106704 and 29754.
1026
What is the highest common divisor of 426 and 696450?
6
Calculate the greatest common divisor of 2759185 and 4680967.
3859
Calculate the highest common factor of 687029 and 1371314.
343
Calculate the highest common factor of 666 and 969511.
37
Calculate the greatest common divisor of 9570 and 2608705.
55
Calculate the greatest common factor of 23126859 and 1701.
63
Calculate the greatest common divisor of 2286 and 111764826.
2286
Calculate the greatest common factor of 8452 and 7058.
2
Calculate the highest common divisor of 425250 and 232065.
1215
Calculate the greatest common divisor of 154976 and 37241.
167
What is the highest common factor of 40284059 and 6416?
401
What is the greatest common factor of 2127 and 41592?
3
What is the highest common divisor of 1246302674 and 34?
34
Calculate the greatest common factor of 11524 and 1543144.
268
Calculate the highest common factor of 221830111 and 16017.
5339
Calculate the greatest common factor of 92086 and 804068.
2246
Calculate the greatest common divisor of 34378 and 2544.
2
Calculate the highest common factor of 46 and 1160833230.
46
What is the greatest common divisor of 220512 and 33612?
12
What is the highest common factor of 21266676 and 90?
18
What is the greatest common factor of 6557412 and 8022?
1146
Calculate the highest common divisor of 853136 and 36352.
1136
Calculate the highest common factor of 100 and 425770475.
25
What is the highest common factor of 2534 and 11450784?
362
What is the highest common factor of 96036944 and 969?
323
Calculate the highest common divisor of 742 and 94625882.
106
What is the greatest common divisor of 29104374 and 9588?
4794
Calculate the highest common factor of 22943306 and 11416.
2854
Calculate the highest common divisor of 49969317 and 237.
237
Calculate the greatest common factor of 4356 and 9212049.
99
Calculate the greatest common divisor of 20 and 94370.
10
What is the greatest common factor of 284768 and 77?
11
Calculate the highest common divisor of 483 and 156354.
69
Calculate the greatest common factor of 3123343606 and 398.
398
Calculate the greatest common divisor of 4948 and 16267787.
1237
What is the highest common divisor of 169471926 and 468?
234
Calculate the greatest common factor of 16 and 11021224.
8
What is the highest common divisor of 7821280 and 320?
160
What is the greatest common factor of 22067493 and 97755?
2793
Calculate the highest common divisor of 261 and 47241174.
87
What is the highest common divisor of 701072918 and 104?
26
Calculate the highest common factor of 21 and 115535.
7
Calculate the greatest common factor of 4778513385 and 305.
305
Calculate the highest common factor of 5907 and 703824.
33
Calculate the highest common factor of 61109995 and 581.
83
Calculate the greatest common